= -3*q - 3. What is the remainder when 31 is divided by y?
7
Let i be 4*(2 + -3 - -10). Suppose 2*s + 2*s = 3*d + i, -5*d = 3*s + 2. Calculate the remainder when 11 is divided by s.
5
Let i(z) = z**3 + 3*z**2 - 3*z. Let u be i(-3). Let m(k) = 22*k**2 - k - 1. Let v be m(1). Let a = v - u. Calculate the remainder when 21 is divided by a.
10
Suppose 90 = -2*w - 2*x - 3*x, -125 = 3*w + 5*x. Calculate the remainder when (294/w)/(1/(-5)) is divided by 22.
20
Suppose -j - 12 = 3*j, -3*i - 3*j = -198. Suppose 0 = 4*z - 4*m - 96, 4*m + 121 = 5*z + 1. What is the remainder when i is divided by z?
21
Let x(c) = c**3 + 8*c**2 - 11*c - 10. Calculate the remainder when x(-9) is divided by 2.
0
Let g(d) = d + 15. Calculate the remainder when g(-5) is divided by 3.
1
Suppose 0 = -3*c - 4*p + 212, 0*c + 4*c - 3*p - 241 = 0. Let r = c + -14. Calculate the remainder when r is divided by 13.
11
Calculate the remainder when 55 is divided by 5*90/25 + -4.
13
Suppose 0 = 5*c - 470 - 215. Let q = -94 + c. Calculate the remainder when q is divided by 22.
21
Let l(p) = p**2 - p - 3. What is the remainder when 16 is divided by l(-3)?
7
Suppose 2*j = -5*u + 39 + 29, -5*j = -20. What is the remainder when 21 is divided by u?
9
Suppose -41*w + 10 = -39*w. What is the remainder when 38 is divided by w?
3
Let g = -106 - -119. What is the remainder when g is divided by 6?
1
Suppose -4*z = -8*z + 52. Calculate the remainder when (-2)/(-6) - 284/(-12) is divided by z.
11
Let t = 4 - 0. Suppose h - t*o - 12 = 0, o = 2*h - 36 + 12. Calculate the remainder when 34 is divided by h.
10
Let s be 2/8 + (-23)/(-4). Let t = s + -4. Calculate the remainder when 8 is divided by t + -2 - -2 - -3.
3
Suppose -5*o - 27 = -z, 101 = 4*z + o + 14. Calculate the remainder when z is divided by 8.
6
Let d(u) = -3*u + 4. What is the remainder when 47 is divided by d(-3)?
8
What is the remainder when -1 + -2*(-4)/2 is divided by -6 + 2 - 5/(-1)?
0
Let d be (2/5)/(1/5). Suppose 2*b - x = 11 - d, -b - 8 = 2*x. Suppose -b*w = -3*l + 17 - 46, -2*l = 5*w - 101. What is the remainder when 36 is divided by w?
17
Let k(t) = -t**3 + 3*t**2 + t - 1. Let n be k(3). Suppose g + n = 18. Calculate the remainder when g is divided by 6.
4
Suppose -3*s - w = 1, 2*s - 2 = -5*w + 3*w. Let g be (-10)/(-2)*s/1. Let j = g + 8. Calculate the remainder when 4 is divided by j.
1
Let k(f) = -4*f**2 - 3*f - 2. Let o be k(-2). Let n(l) = 2*l - 1. Let t be n(-1). Let w = t - o. What is the remainder when 26 is divided by w?
8
Suppose 0 = -3*n + 4*n - 210. Suppose 0*a + 5*a = n. What is the remainder when a is divided by 11?
9
Suppose 2*l = 26 + 36. Suppose 3*b + 4 = g - 6, 5*g = -4*b + l. Calculate the remainder when 13 is divided by g.
6
Suppose -7*h = -4*h - 27. Calculate the remainder when 35 is divided by h.
8
Let w(t) = 7*t**2 + t + 0*t + 15*t**2. What is the remainder when w(-1) is divided by (-11*(-1 + 3))/(-2)?
10
Let h = 7 + -11. Calculate the remainder when h*(1 - 8/4) is divided by 3.
1
Suppose 5 = 2*c - 13. Suppose -2*f - a + 37 = 0, -f = a - 2*a - 17. What is the remainder when (-64)/6*f/(-12) is divided by c?
7
Let a(z) = 9*z**2 + 6*z - 4. What is the remainder when a(-4) is divided by 30?
26
Let c = -28 - -85. What is the remainder when c is divided by 20?
17
Let c(u) = 25*u - 14. What is the remainder when 97 is divided by c(2)?
25
Let t = -119 - -216. What is the remainder when t is divided by 25?
22
Suppose -2*c - k + 112 = 0, -c - c = 4*k - 100. Calculate the remainder when c is divided by 15.
13
Let l(i) = 2*i**2 + 4*i - 1. What is the remainder when l(-4) is divided by 10?
5
Let r be (-798)/(-33) - (-2)/(-11). Suppose r = c - 3. What is the remainder when c is divided by 10?
7
Let m(s) = -s**2 + 17*s + 62. What is the remainder when m(18) is divided by 24?
20
Let s(x) = -x - 2. Let l be s(-6). Suppose 4*p - l*c - 28 = 0, -3*c = 3*p - 29 + 8. Calculate the remainder when p is divided by 5*(-3)/(15/(-4)).
3
Suppose -n + 0*n - 9 = 0. Let x(m) = -m**3 - 8*m**2 + 4*m + 13. What is the remainder when x(n) is divided by 15?
13
What is the remainder when 6/(-3 + 0)*228/(-8) is divided by 12?
9
Let n = 27 + -6. What is the remainder when 125 is divided by n?
20
Let v(x) = 5*x + 1. Let z be 25/9 + (-6)/(-27). Suppose -k = 4*k - 45. Calculate the remainder when v(z) is divided by k.
7
Suppose -d = 2*p - 7*p + 31, 16 = 3*p + 2*d. Let y = 1 - -3. Calculate the remainder when y is divided by p + 12/4*-1.
1
Let a(k) = 7*k**2 - 2*k + 1. Suppose -13 = 5*r - 3. Suppose v + t - 2*t - 20 = 0, -4*v = -5*t - 83. Calculate the remainder when a(r) is divided by v.
16
Calculate the remainder when 20 is divided by (4 + -3 + -23)/(-2).
9
Suppose b - 37 = -2*c, 3*b - 5*c - 148 = -b. Calculate the remainder when b is divided by 21.
16
Let h = 5 - 1. What is the remainder when h is divided by 2?
0
Let k be (7/(-14))/(1/(-4)). Let a be (-2 - 14/(-4))*k. What is the remainder when (-775)/(-15) - (-1)/a is divided by 18?
16
Let f(y) = 1. Let x(o) = 23*o - 3. Let p(c) = -3*f(c) - x(c). Calculate the remainder when p(-1) is divided by (5 + -1)/(1/2).
7
Suppose -2*z - 15 = -3*z. Calculate the remainder when 41 is divided by z.
11
Suppose -4*h - 5*t + 535 = 0, -4*t - 445 = -3*h + t. Suppose 0 = -4*n + h + 20. What is the remainder when n is divided by 21?
19
Suppose 0 = 3*p - 37 - 44. Let l = 127 + -120. Calculate the remainder when p is divided by l.
6
Suppose -t = -4*g - 45, -3*g - 5*t = g + 39. Let m(l) = -l**3 - 11 + 8*l - 4*l**2 - 7*l**2 + l**2. Calculate the remainder when 64 is divided by m(g).
20
Suppose -6*p + 4*p = -6. Let m(l) = 2*l**2 + 2*l - 3. Calculate the remainder when m(p) is divided by 11.
10
Let c(b) = 3*b + 2. Let t be (-27)/6*6/(-9). What is the remainder when c(t) is divided by 1/(2 + -1) - -3?
3
Let m be (-8)/(-2)*117/12. Suppose 3*d = m + 9. Calculate the remainder when 62 is divided by d.
14
Let u(x) be the third derivative of 11*x**5/30 + x**4/12 - x**3/6 + 5*x**2. What is the remainder when 68 is divided by u(1)?
22
Let c = 14 - 8. Suppose -s + c*s = 95. Calculate the remainder when s is divided by 5.
4
Suppose 0*w + 288 = 4*w. Calculate the remainder when w is divided by 15.
12
Let z(m) = -m**3 - 14*m**2 + 12*m + 8. Calculate the remainder when z(-15) is divided by 8.
5
Let m(k) = -8*k**3 + k + 1. Let f(z) = -z**2 - 6*z - 5. Let q be f(-4). What is the remainder when ((-4)/q)/(-4)*39 is divided by m(-1)?
5
Let c(l) = -2*l - 6. Let a be c(-5). Suppose a*w - 24 = 3*v, 5*w + 4*v = 4 - 5. What is the remainder when 13 is divided by w?
1
Suppose o - i + 24 = 3*o, -5*o - 3*i + 62 = 0. What is the remainder when 59 is divided by o?
9
Calculate the remainder when 10 is divided by (0 + (-12)/(-7))/(16/56).
4
Let v(z) = z**2 + 3*z - 6. Let n be v(-5). Suppose -n*f + 34 = 2*g, 3*g + 12 = 4*f - 17. Calculate the remainder when 2 + 21 + -1 + 1 is divided by f.
7
Suppose 0 = 3*o + b + 9 - 59, -4*o + 62 = -b. What is the remainder when 109 is divided by o?
13
Let b = -54 + 78. Let f be (2/(-4))/((-3)/(-318)). What is the remainder when b is divided by 2/(-8) - f/4?
11
Let y(f) = 83*f**2 + 3*f + 2. Let i = 3 + -4. Calculate the remainder when y(i) is divided by 21.
19
Suppose 4*u + 5*i = 224, 16 = 5*i - i. Calculate the remainder when u is divided by 9.
6
Let i = 14 + -4. Let q(c) = -3*c - 6. Let s = -12 - -8. What is the remainder when i is divided by q(s)?
4
Suppose -2*m = 5*y + 9, 3*y + 0 = 2*m + 1. Let k(c) = -3*c - 29. Calculate the remainder when (57/9)/(y/(-3)) is divided by k(-12).
5
Let o = 44 + 5. Calculate the remainder when o is divided by 6.
1
Suppose -3 = -v + 3*w + 5, 0 = -5*v + 5*w + 60. What is the remainder when 25 is divided by v?
11
Let l = -4 - -10. Calculate the remainder when (-20)/(3*2/(-12)) is divided by ((-4)/(-3))/(l/63).
12
Let o be (-6)/(-4)*(-400)/(-24). Let v = o + -2. What is the remainder when v is divided by 8?
7
Let x = 30 + -7. Let m = x - 9. Calculate the remainder when m is divided by ((0 - 3) + -2)/(-1).
4
Let h = -28 + 61. Suppose 5*z - h = -283. Let q = -27 - z. What is the remainder when q is divided by 8?
7
Let k(x) = x**2 + 19*x - 3. Calculate the remainder when k(-20) is divided by 9.
8
Let y(b) = -8*b - 7. Let c(j) = 25*j + 20. Let n(w) = -3*c(w) - 8*y(w). What is the remainder w